 12) to base 4
-32023
Convert 12204 (base 6) to base 14.
92c
2032112 (base 4) to base 11
6932
Convert -3152 (base 7) to base 13.
-67a
100243 (base 6) to base 16
1ec3
d5 (base 14) to base 5
1222
-2568 (base 9) to base 4
-132011
What is -188 (base 13) in base 14?
-161
885 (base 11) to base 8
2045
What is 34241 (base 5) in base 7?
10063
-18661 (base 9) to base 13
-5b6c
Convert 2542 (base 7) to base 3.
1022121
Convert -2ea0 (base 15) to base 3.
-111210020
What is -31013012 (base 4) in base 3?
-2201122222
Convert 1626 (base 15) to base 11.
3639
What is 2447 (base 13) in base 8?
12011
-130100 (base 4) to base 14
-932
Convert -2194 (base 10) to base 6.
-14054
What is 365 (base 12) in base 13?
302
What is -21203 (base 4) in base 16?
-263
Convert -3761a (base 12) to base 5.
-4401230
Convert -2b15 (base 12) to base 16.
-13c1
What is -1a2 (base 14) in base 3?
-110112
What is -243 (base 15) in base 7?
-1332
3314 (base 6) to base 2
1011111110
What is -20797 (base 11) in base 3?
-1112110211
-2556 (base 10) to base 6
-15500
27128 (base 9) to base 2
100011110011100
Convert -695 (base 10) to base 4.
-22313
What is 714 (base 8) in base 5?
3320
What is -2232 (base 4) in base 12?
-126
19a7 (base 13) to base 8
7417
What is 31101 (base 4) in base 15?
3b9
Convert 28a5 (base 15) to base 5.
234310
What is 3204 (base 5) in base 4?
12231
Convert -227 (base 13) to base 4.
-11303
100000 (base 2) to base 4
200
23a (base 16) to base 12
3b6
Convert 775 (base 10) to base 2.
1100000111
Convert e6 (base 16) to base 9.
275
4242 (base 9) to base 7
12041
7996 (base 11) to base 13
4a27
Convert 2207 (base 9) to base 13.
982
What is 1010102110 (base 3) in base 7?
121443
-1689 (base 10) to base 3
-2022120
Convert -11011022 (base 3) to base 7.
-11561
What is -1169 (base 12) in base 6?
-13013
What is -1859 (base 13) in base 4?
-320213
What is -3102 (base 5) in base 3?
-112220
Convert -4414 (base 13) to base 3.
-111000011
Convert -574 (base 10) to base 4.
-20332
What is -110211 (base 3) in base 7?
-1003
Convert -2245 (base 9) to base 13.
-9aa
Convert 10222113 (base 4) to base 13.
88cb
-1732 (base 14) to base 8
-10100
What is 718 (base 10) in base 9?
877
What is 27747 (base 8) in base 10?
12263
What is -382 (base 9) in base 3?
-102202
Convert -3050 (base 10) to base 6.
-22042
What is 1202 (base 13) in base 6?
15425
What is 123203 (base 4) in base 11?
1363
-1547 (base 16) to base 11
-4102
What is -6887 (base 13) in base 6?
-151445
Convert 2031 (base 7) to base 9.
866
What is 1ed6 (base 15) in base 13?
30a5
What is -13414 (base 9) in base 7?
-35326
10573 (base 9) to base 10
7032
10001100111 (base 2) to base 9
1482
What is -13130302 (base 4) in base 11?
-20a20
284 (base 10) to base 11
239
What is 1022 (base 6) in base 16?
e6
Convert 110001010 (base 2) to base 3.
112121
Convert 5040 (base 7) to base 12.
1013
-328 (base 11) to base 10
-393
47 (base 15) to base 3
2111
Convert 447 (base 10) to base 11.
377
Convert 16c (base 16) to base 11.
301
-14442 (base 7) to base 13
-1a88
Convert a301 (base 14) to base 9.
42403
What is -9116 (base 13) in base 4?
-10313321
-1321333 (base 4) to base 2
-1111001111111
1170 (base 8) to base 7
1562
-133112 (base 4) to base 7
-5564
What is -1c21 (base 14) in base 11?
-393a
What is 11102122 (base 3) in base 11?
2477
What is -6019 (base 14) in base 8?
-40147
What is -2ba3 (base 15) in base 7?
-36225
Convert -110142 (base 5) to base 13.
-1961
-716a (base 15) to base 4
-11312032
94b0 (base 12) to base 13
752a
5547 (base 9) to base 12
2451
-1463 (base 9) to base 16
-456
Convert 4112 (base 5) to base 15.
257
Convert 10000 (base 8) to base 12.
2454
Convert -1a9 (base 14) to base 3.
-110210
What is -415 (base 6) in base 11?
-131
What is -1006 (base 9) in base 2?
-1011011111
-2110 (base 5) to base 2
-100011000
11411 (base 5) to base 16
358
11011001 (base 2) to base 11
188
What is -6447 (base 10) in base 13?
-2c1c
What is -440 (base 8) in base 2?
-100100000
3310333 (base 4) to base 9
23451
1000212102 (base 3) to base 13
9329
-11e1 (base 15) to base 16
-ee3
184 (base 16) to base 7
1063
1511 (base 7) to base 11
4a2
-57837 (base 10) to base 2
-1110000111101101
What is -155651 (base 7) in base 15?
-9222
-35510 (base 9) to base 3
-1012120100
What is 111010010000 (base 2) in base 8?
7220
Convert 131203 (base 6) to base 2.
10111010110011
-101c (base 14) to base 11
-2099
Convert -31ba (base 15) to base 7.
-42454
231 (base 5) to base 15
46
-42f (base 16) to base 15
-4b6
What is -1cc (base 15) in base 14?
-21b
Convert -17233 (base 11) to base 9.
-36218
126533 (base 7) to base 3
1012211112
-83 (base 11) to base 16
-5b
Convert -2133 (base 4) to base 2.
-10011111
What is -1324 (base 5) in base 8?
-326
What is -1118 (base 11) in base 6?
-10451
What is -33726 (base 8) in base 6?
-150102
-2351 (base 11) to base 7
-11661
28a9 (base 11) to base 12
2205
-434 (base 6) to base 15
-b1
a (base 15) to base 5
20
What is 32801 (base 9) in base 6?
244514
Convert -31331 (base 4) to base 7.
-2414
Convert -7bc1 (base 14) to base 4.
-11100131
Convert -15 (base 15) to base 13.
-17
Convert -32a (base 13) to base 7.
-1404
-437 (base 10) to base 2
-110110101
10101000000101000 (base 2) to base 3
11101001021
What is -2144012 (base 5) in base 10?
-37382
Convert 12010 (base 3) to base 15.
93
What is 550531 (base 6) in base 13?
17977
Convert d2a (base 14) to base 4.
220122
Convert -4420 (base 14) to base 9.
-17147
285 (base 12) to base 6
1445
Convert 1002022222 (base 3) to base 2.
101001110000111
What is 56b (base 12) in base 5?
11203
What is c3 (base 15) in base 12?
133
Convert -299 (base 13) to base 9.
-565
Convert 40421 (base 5) to base 3.
10120201
Convert 10001100111 (base 2) to base 5.
14002
-13 (base 7) to base 15
-a
What is 3a21 (base 12) in base 10?
6649
-100110211 (base 3) to base 10
-6907
1103 (base 5) to base 8
231
516 (base 9) to base 10
420
Convert -15504 (base 10) to base 8.
-36220
-11120 (base 3) to base 10
-123
What is -696 (base 16) in base 4?
-122112
What is -1382 (base 11) in base 7?
-5126
-1a30 (base 12) to base 5
-100304
-2526 (base 12) to base 15
-13a6
What is -1a4 (base 16) in base 12?
-2b0
What is -23355 (base 6) in base 7?
-12602
10623 (base 12) to base 10
21627
-3d3 (base 14) to base 5
-11043
What is 242 (base 14) in base 7?
1212
Convert -d (base 16) to base 14.
-d
-67 (base 11) to base 3
-2201
What is -772 (base 15) in base 12?
-b82
Convert -625 (base 7) to base 11.
-265
-212550 (base 8) to base 9
-117366
What is -3421 (base 5) in base 2?
-111100110
Convert 211 (base 10) to base 5.
1321
What is 614 (base 7) in base 15?
155
What is -1363b (base 16) in base 4?
-103120323
What is -3260 (base 10) in base 13?
-163a
-23a (base 15) to base 16
-1f9
71607 (base 8) to base 13
10600
What is -1140013 (base 5) in base 13?
-98a3
What is -6014 (base 8) in base 10?
-3084
440 (base 7) to base 16
e0
What is 1166 (base 7) in base 2?
110111000
202330 (base 4) to base 14
b5a
Convert 15b (base 12) to base 8.
327
-210021 (base 3) to base 2
-1000111110
Convert 141220 (base 5) to base 8.
13262
Convert -4754 (base 8) to base 4.
-213230
1b0 (base 15) to base 5
3030
Convert -46b3 (base 13) to base 16.
-26dc
131331 (base 4) to base 11
1493
-110001101100 (base 2) to base 12
-1a10
-318 (base 15) to base 7
-2015
-1210013 (base 4) to base 9
-8708
Convert 7b8 (base 16) to base 12.
1188
Convert 38e (base 15) to base 8.
1451
453 (base 15) to base 6
4310
Convert -3263 (base 8) to base 12.
-bab
Convert -5018 (base 13) to base 7.
-44042
Convert -2686 (base 13) to base 10.
-5518
Convert 5ad3 (base 15) to base 10.
19323
What is 244412 (base 5) in base 4?
2102031
Convert -222122 (base 3) to base 15.
-32e
-7061 (base 8) to base 6
-24453
-553 (base 7) to base 15
-13d
Convert -902 (base 10) to base 7.
-2426
Convert -43492 (base 10) to base 9.
-65584
What is 68ca (base 16) in base 13?
c297
What is -34055 (base 6) in base 13?
-2243
Convert -47728 (base 10) to base 11.
-3294a
Convert -100001010000011 (base 2) to base 6.
-210455
aec (base 16) to base 2
101011101100
Convert 20a8 (base 11) to base 8.
5334
Convert -1347 (base 9) to base 13.
-601
435 (base 9) to base 5
2411
-131231 (base 8) to base 15
-d831
What is 4380 (base 10) in base 8?
10434
What is 1157 (base 9) in base 16?
35e
Convert 110410 (base 7) to base 3.
222121221
What i